*q, d + 3*q - 17 = 2*d. Suppose 0 = -35*z + 239 + 2841. Calculate the remainder when z is divided by s(d).
10
Let o = -1044 - -1579. What is the remainder when o is divided by 32?
23
Let i = -1495 - -1647. What is the remainder when i is divided by (4 + -1)/(-1) - (-16 + -1)?
12
Let i(m) = 20*m**2 - m - 2. Let k be i(-1). Let f(h) = 2*h**3 - 6*h**2 + 4*h - 10. Let y be f(3). What is the remainder when 85 is divided by 1/1 + y + k?
19
Let v = -5623 - -6032. Calculate the remainder when v is divided by 5.
4
Let m = -31 + 35. Suppose m = 6*p - 2. Calculate the remainder when (1 + p)/(2/13)*9 is divided by 30.
27
Let v = 241 + -207. Let d(p) = -p**2 + 7*p + 2. Let i(a) = a**3 + 4*a**2 - 2*a - 3. Let r be i(-4). What is the remainder when v is divided by d(r)?
10
Suppose -30 = 2*c - 8*c. Suppose 4*i + 17 - 193 = 4*g, -2*i + c*g = -97. What is the remainder when 116 is divided by i?
34
Let c(q) = q**3 + 17*q**2 + 29*q + 2. Let x(g) = -3*g + 21. Let w be x(12). What is the remainder when 42 is divided by c(w)?
8
Let f(q) = -275*q**3 + 7*q**2 + 20*q + 11. What is the remainder when f(-2) is divided by 729?
12
Let k(o) = 5*o**3 - 274*o**2 - 49*o - 112. Suppose -220 = -0*f - 5*f. What is the remainder when k(55) is divided by f?
42
Let s(h) = -17*h**2 + 941*h + 18. Calculate the remainder when s(55) is divided by 194.
154
Let m = -4179 + 4212. Calculate the remainder when 56 is divided by m.
23
Suppose -605 = -2*i + 5*m, -4*i + 1725 = -3*m + 480. What is the remainder when i is divided by 8?
3
Suppose -71*k + 36*k - 60340 = 0. Let l = -990 - k. What is the remainder when l is divided by 46?
44
Suppose 29*u = 11500 + 7495. What is the remainder when u is divided by 25?
5
Suppose 0 = -5*s + 35 + 35. Suppose s = 5*v - 51. Suppose 4*l - 9 = 3. Calculate the remainder when v is divided by l.
1
Let x = -11 + 42. Let h = -178 - -271. Let a = -82 + h. What is the remainder when x is divided by a?
9
Let i = 16 + -6. Suppose -48*o - 1536 = -56*o. Let v = 197 - o. Calculate the remainder when i is divided by v.
0
Suppose -2*h = 3*h + 4*y - 52, 2*y - 32 = -3*h. What is the remainder when 172/(h/30*5) is divided by 22?
20
Suppose -2798 + 458 = -9*i. Let z = i + -233. Calculate the remainder when 45 is divided by z.
18
Let s(q) = 2*q**2 - 4*q + 33. Let h(r) = -26*r. Let i be h(0). What is the remainder when 130 is divided by s(i)?
31
Suppose 3*y - 420 = -0*y. Suppose 40*m + 1107 = 1547. What is the remainder when y is divided by m?
8
Let i = 15838 - 15757. Calculate the remainder when 482 is divided by i.
77
Let f(s) = s**3 - 17*s**2 - 17*s - 12. Let h be 13 + (5/5 - 0). Suppose 13*n - h*n = -18. Calculate the remainder when 12 is divided by f(n).
0
Suppose -3*f - y + 75 = 2*y, -5*f + 127 = 4*y. Let k(l) = -l**3 + 27*l**2 + 3*l - 49. Calculate the remainder when 286 is divided by k(f).
30
Suppose -3*p - 28 = c, 0 = -c - 9*p + 4*p - 34. Let w = 23 + c. Suppose 2*x - 46 = -x - w*t, -3*x + 14 = -4*t. Calculate the remainder when 48 is divided by x.
8
Let t = -8137 - -8153. Calculate the remainder when 2188 is divided by t.
12
Let n(h) = -836*h + 1020. What is the remainder when 482 is divided by n(1)?
114
Let z be -10 + 572/(-3) + 2/3. Let i = -86 - z. What is the remainder when i is divided by 30?
24
Suppose 36*l = 32*l - 4*h + 25564, -4*l = -5*h - 25537. What is the remainder when l is divided by 17?
13
Let a(r) = 69*r + 767. Calculate the remainder when a(64) is divided by 17.
15
Suppose 0 = -132*a + 151*a - 5358. Calculate the remainder when a is divided by 71.
69
Let s(x) = -x**3 - 43*x**2 - 96*x - 394. What is the remainder when s(-41) is divided by 51?
27
Let z(t) = -t**2 - 9*t + 8. Let h be z(-10). Let u be 15/(-60) - h/8. Let a(f) = -f**3 + f**2 - f + 22. What is the remainder when 87 is divided by a(u)?
21
Suppose -35*i + 74*i = 54*i - 855. What is the remainder when i is divided by 10?
7
Suppose -3*v - 91 = -322. Suppose -21*j + 11*j = -50. Let h(d) = 5*d - 5. What is the remainder when v is divided by h(j)?
17
Let x(d) = -d - 2. Suppose -168*g = -179*g - 1078. Let p = 112 + g. Calculate the remainder when p is divided by x(-10).
6
Let s = -7559 - -7578. Calculate the remainder when 83 is divided by s.
7
Calculate the remainder when (-2 + 4 + 0)*28594/116 is divided by 24.
13
Let y = -71 + 73. Let i(q) = 16 + q**y + 14 + 22*q - 12. Calculate the remainder when 29 is divided by i(-22).
11
Let t(m) = -2*m**2 - 14*m - 1. Suppose -5*l - 5 = 3*y, -5*l - 5 = -2*y + 3*y. Suppose 6*f - 4 - 50 = y. Calculate the remainder when t(-6) is divided by f.
2
Let s(r) = 4*r**3 + 26*r**2 + 4*r - 43 - 41*r**2 - 3*r**3 + 14*r. Calculate the remainder when 530 is divided by s(14).
10
Let w = -5978 - -6006. Calculate the remainder when 419 is divided by w.
27
Suppose -32*x + 1630 - 118 = -8*x. Suppose -18 = 4*q - 2. Let l(u) = -6*u. Calculate the remainder when x is divided by l(q).
15
Let v(q) = 9*q - 56. Let j be v(7). Suppose 0 = -j*z + 397 - 12. Calculate the remainder when z is divided by 14.
13
Suppose 0 = 21*q + 8*q - 125 - 513. What is the remainder when 891 is divided by q?
11
Let h = 3280 - 2454. Calculate the remainder when h is divided by 10.
6
Let u(z) = -z**3 + 4*z**2 + 2*z + 11. Let k = 67 - 62. Let h be u(k). Calculate the remainder when h*(3/1 - (-204)/(-16)) is divided by 6.
3
Let t(m) = -m**3 - 9*m**2 + 26*m + 59. What is the remainder when t(-12) is divided by 45?
44
Suppose 3*q + 150 = 36. Let s = -40 - q. What is the remainder when 67 is divided by ((-161)/(-14))/(s/(-4))?
21
Let b(n) = 3*n**2 - 22*n + 35. Let w be b(9). Let o = 6 - 1. Suppose o*s - w = s. Calculate the remainder when 79 is divided by s.
19
Let g(q) be the second derivative of -7*q**3/3 + 51*q**2 + q + 49. Calculate the remainder when 1 - 2*63/(-6) is divided by g(7).
2
Calculate the remainder when (1 - (1 - (-1)/(-2)))/(971/495210) is divided by -2 - 0 - (-34)/1.
31
Suppose 0 = 5*g - 4*g - 64. Let q = 44424 + -44411. Calculate the remainder when g is divided by q.
12
Suppose 0*c + 51 = -3*i - 3*c, -3*c - 15 = 0. Let x(t) = 6*t**3 - 12*t**2 + 9 - 2*t**2 - 7*t**3 - 25*t. What is the remainder when 62 is divided by x(i)?
20
Let z(m) be the second derivative of -39/2*m**2 + 0 + m**3 - 27*m. What is the remainder when 13 is divided by z(8)?
4
Suppose j - 3*f - 146 = 0, -3*f = 2*j + 95 - 369. Suppose j = -3*d + 7*d. What is the remainder when d is divided by (-180)/(-9) + (1 + 1 - 3)?
16
Suppose 4*h - 8 = h + 4*r, 0 = -h + 4*r + 8. Suppose 0 = 7*b - h*b. Suppose b*q = 5*q - 620. Calculate the remainder when q is divided by 14.
12
Let c(i) = i**2 + 140*i - 1916. What is the remainder when 74 is divided by c(-153)?
1
Let q(g) = 2*g**2 - 20*g + 26. Let h = 99 - 86. Calculate the remainder when q(h) is divided by 20.
4
What is the remainder when 422 is divided by 2 - 3232/(-17) - (2 - 32/17)?
38
Let q(h) be the second derivative of h**3 + 9*h**2/2 + 4*h. Calculate the remainder when q(12) is divided by (-8*4)/(-2) + 1/1.
13
Let w(i) = -i**3 + i**2 - i + 3. Let f be w(4). Let j = 54 + f. Calculate the remainder when 18 is divided by j.
3
Suppose r = -3*b + 1636, 11*b - 2*r = 14*b - 1637. Suppose 18*j - b = 49. What is the remainder when 361 is divided by j?
31
Calculate the remainder when 2 + 126231/24 - 375/(-1000) is divided by 229.
224
Let c be 3670/12 - (212/24 + -9). Suppose -300*b + c*b = 282. What is the remainder when b is divided by 10?
7
Suppose 32*s + 56*s = -34*s + 599264. What is the remainder when s is divided by 126?
124
Suppose 409*u - 525*u + 7656 = 0. Calculate the remainder when 251 is divided by u.
53
Let c = 40 + -35. Suppose -35*n + 40*n - 370 = 0. What is the remainder when n is divided by c/15 + 88/6?
14
Let p(w) = w**3 + 6*w**2 + w + 6. Suppose -15*y + 22*y = -294. What is the remainder when p(-5) is divided by (214/7)/2 - (-12)/y?
11
Let q = -4507 + 4980. What is the remainder when q is divided by 27?
14
Let y be -53 + 5/(-1 + -4). Let p be y/13 - 2/(-13). Calculate the remainder when 23 is divided by p/26 + (-160)/(-26).
5
Suppose -v + 3*m = 3, -4*v + 11*m - 16*m = -5. Suppose 2*a - 3*i - 69 = v, -3*i + 4 - 19 = 0. What is the remainder when a is divided by 3?
0
Suppose -6*h + 29 = -2*h - 3*s, h - 12 = -4*s. Let o = h + 3. What is the remainder when o is divided by -81 +